ors of (-9)/6*(-5)/((-15)/(-642))?
3, 107
Let u(x) = x**3 + 0*x + x - 5 + 7*x**2 + 4*x. Let q be u(-6). Let z = q + 4. List the prime factors of z.
5
Suppose -h + 224 = h. Suppose -h = -3*u + 4*v, u - v = -5*v + 64. What are the prime factors of u?
2, 11
Suppose -5*x = 4*c - 181, -4*x = -2*c - 2 + 60. Suppose -2*n + n = -c. Suppose -3*q - 9 = -n. What are the prime factors of q?
2, 5
Let v = 10 + -9. What are the prime factors of (3 + 12 + 2)*v?
17
Let x be (-144)/(-15) + (-2)/(-5). Let g be (-2)/x - 174/30. Let n(q) = q**3 + 6*q**2 - q + 2. List the prime factors of n(g).
2
Suppose 7 = 2*r - 3. Suppose -164 = -4*x - 2*t, 2*x = -2*x + r*t + 150. What are the prime factors of x?
2, 5
Suppose 0*p + 3*p = -4*t + 43, 3*t - 27 = -4*p. Let b = t - 7. What are the prime factors of b?
2, 3
Suppose 3*w - 104 = h, w - 38 = 2*h - 0*h. Let b = w + -16. What are the prime factors of (20/(-6))/((-6)/b)?
2, 5
Let x(p) = 2*p**2 + 4*p - 3. Let b be x(-4). Suppose -3*c - 5*t = -b - 6, 0 = 2*c - 2*t - 34. What are the prime factors of c?
13
Let d = 64 - 43. Suppose -3*k = -0*k + d. List the prime factors of ((-4)/2 - -1)*k.
7
Suppose 0 = 2*h - 0*h - 14. Let o be 3/5 + 488/20. Suppose x + 0*q + h = 4*q, -5*q + o = 2*x. List the prime factors of x.
5
Let b = 14 - -45. Suppose -f + b = -0*f. Suppose a + 0*a - f = -5*k, 4*k = 2*a + 36. What are the prime factors of k?
11
Suppose -4*n + 28 = 5*j, n + n - 10 = -2*j. Let r(k) = -4*k**2 + k**3 + 5*k + j*k**2 + 4*k**2 - 7. What are the prime factors of r(-7)?
7
List the prime factors of 6*25/(-20)*-4.
2, 3, 5
Let g be 6/(-10) - (-128)/5. Let c = g + -18. List the prime factors of c.
7
Let j(l) = -l - 2. Let s(g) = -2. Let y(f) = -4*j(f) + 6*s(f). List the prime factors of y(3).
2
Let h be ((-63)/(-28))/(1/4). Let j(d) = -d**2 + 11*d - 11. What are the prime factors of j(h)?
7
Let h(p) = -3*p**3 - 4*p**2 - p - 3. What are the prime factors of h(-3)?
3, 5
Suppose l + 3*c - 26 = 0, -l + 2*c = -41 + 15. List the prime factors of l.
2, 13
Let p(d) = 17*d + 3. List the prime factors of p(5).
2, 11
Suppose 63 = 3*l - 2*l - 4*j, 5*j = -4*l + 273. What are the prime factors of l?
67
Let r = 7 + -9. List the prime factors of (r - (2 - 0))*-3.
2, 3
Let c(t) = 6*t - 2. Let g be c(2). Let y be 4*1*g/(-8). List the prime factors of 6*(-2)/(y - -1).
3
Let w be (-2)/11 + 844/44. Let i = 6 + -2. Suppose 0 = 3*n - 3, -i*r - 3*n + 16 = -w. List the prime factors of r.
2
Let o(y) = 15*y + 6. Let r be o(8). Suppose -4*t + t + r = s, 2*t + 3*s = 91. What are the prime factors of t?
41
Let z be (-6 - -3)*4/(-6). Let m(d) = -3*d**2 - 20*d - 13. Let x(n) = n**2 + 7*n + 4. Let v(p) = z*m(p) + 7*x(p). What are the prime factors of v(-10)?
2, 3
Let f be 0/1 + 36 + -2. Suppose -3*a + 5*k + 22 + 28 = 0, -2*a + f = -4*k. What are the prime factors of a?
3, 5
Let i be (2 - -1)/3 - -7. Let q = 19 - i. List the prime factors of q.
11
Let r be 1/(2*(-1)/(-6)). Let z = 1 - -3. Let h = z + r. List the prime factors of h.
7
Let t be (-1)/(-3 - (-7)/2). Suppose 9*a - 4*a = 0. List the prime factors of t - (-12 - (-1 - a)).
3
Let y be (-4)/(-2) + -2 + 16. Suppose -3*x + y = -x. What are the prime factors of 6/((x/3)/4)?
3
Suppose -4 = -5*o + 4*o - s, 2*o = s - 4. Suppose -3*x - j + 5 + 44 = o, 4*j + 76 = 4*x. What are the prime factors of x?
17
Let w(p) = -5*p + 1. Let x be w(2). Let b = x - -48. Suppose -2*j - 2*j - s = -b, -2*j + s = -15. List the prime factors of j.
3
Suppose 6*n = 2*n - 24. Let m = n + 15. Let v = 1 + m. What are the prime factors of v?
2, 5
Let s be ((-2)/4)/(-1)*12. Suppose 5*r = 5*z + 150, 2*r + 4*z - 72 = s. List the prime factors of r.
3, 11
Let n(v) = -v**2 + 12*v + 13. List the prime factors of n(11).
2, 3
Let c = -917 - -1308. List the prime factors of c.
17, 23
Let a = 222 + 37. What are the prime factors of a?
7, 37
Suppose 2*y = 5*v - 25, -4*y + 15 = -v + 4*v. Suppose -5*h - 4*w + 100 = -h, y = h - 5*w + 5. List the prime factors of h.
2, 5
Suppose n - 5*a = -0*a - 11, 0 = -5*n + 4*a + 8. Suppose -n*q + 0*q + 64 = 0. What are the prime factors of q?
2
Suppose -v + 68 = f, 0 = -0*f - 4*f - v + 287. What are the prime factors of f?
73
Suppose -2*s + 6 = 0, -6*p + 4*s = -4*p + 6. Suppose 0 = -2*f + 3 + p. What are the prime factors of f?
3
Let c = -6 - -13. Suppose 3*l - 49 = -4*d, 0*d = d - l - c. What are the prime factors of d?
2, 5
Suppose 4*a - 197 = l, 0 = 2*a - 6*a + 2*l + 198. List the prime factors of a.
7
Let j(y) = -y**2 + 3*y + 5. Let a be j(4). Let k = -8 + a. Let p = -1 - k. What are the prime factors of p?
2, 3
Let t = -5 - -35. Suppose -4*i + t = -i. List the prime factors of i.
2, 5
Let f(o) = 4*o**2 - 9. List the prime factors of f(4).
5, 11
What are the prime factors of 1/((-20)/(-255))*(-32)/(-6)?
2, 17
Let q(i) = -9*i**3 + 2*i**2 - 2*i + 1. Let b be q(1). List the prime factors of (20/b)/((-2)/12).
3, 5
Suppose -4*i = -51 + 11. What are the prime factors of i?
2, 5
Let w(m) = -m**2 + 10*m + 3. Let t be w(7). Suppose f + 7 = y, -15 = -5*y + f + t. What are the prime factors of y?
2
Let h = -6 - -15. What are the prime factors of h?
3
Let i(l) = -21*l + 5. Let g(x) = 10*x - 2. Let m(k) = 5*g(k) + 2*i(k). What are the prime factors of m(2)?
2
Suppose -6*n + 2*n = -64. Let f(a) = a**3 - 6*a**2 - 8*a + 7. Let q be f(7). Suppose q = -4*v - 0*v + n. List the prime factors of v.
2
Let u(o) = o**2 - 6*o. Let f be u(6). Suppose 0*z + 2*z = f. Suppose z = -3*a - a + 36. What are the prime factors of a?
3
Let c be (8/6)/(2/126). Suppose 5*i + 2*b + c = 0, 5*b + 2 + 1 = -i. What are the prime factors of 1*21*(-6)/i?
7
Let q(y) = -y + 3 + 2*y - 3. Let k be q(-1). Let t(z) = 3*z**2 + 1. List the prime factors of t(k).
2
Suppose 12 - 31 = -3*f + 2*w, -4*f + w = -27. Let h = f + -2. What are the prime factors of h?
5
Let z(c) = -c + 8. Let w be z(14). List the prime factors of (w/(-4))/(3/4).
2
List the prime factors of (-1 - 20/(-28))*-14.
2
Suppose -5*f - 4*g = -226 - 34, -5*g = -f + 52. Suppose -3*s + s = -f. List the prime factors of s.
2, 13
Let r(t) be the second derivative of t**4/6 + t**3/3 - 2*t. Let q be r(-2). Suppose q*l - 18 = 30. List the prime factors of l.
2, 3
Let r(s) be the second derivative of s**5/20 - s**4/3 + 5*s**3/6 - 2*s**2 - 2*s. What are the prime factors of r(3)?
2
Suppose -4*u + 5 = -5*t - 9*u, 3*t - 21 = 3*u. What are the prime factors of t?
3
Let k(m) = -m**2 + 5*m + 5. Let v be k(5). Suppose 38 = v*l - 12. List the prime factors of l.
2, 5
Suppose 17*k = 10*k + 441. List the prime factors of k.
3, 7
Suppose -5*u + u + 20 = 0. What are the prime factors of (-288)/(-20) - (-3)/u?
3, 5
Let u(j) = 7*j**3 - 4*j**2 + 2*j. What are the prime factors of u(2)?
2, 11
Let i(r) = 86*r - 3. What are the prime factors of i(1)?
83
List the prime factors of (24/(-6))/2 - -190.
2, 47
Let c(t) = 2*t**2 + 7*t + 27. What are the prime factors of c(8)?
211
Suppose 0 = -r + 2*r - 2. Suppose 0 = -r*o + 4*l + 12, 0*l = -3*o - 3*l + 27. What are the prime factors of o?
2
What are the prime factors of (-104)/(-28) - 6/(-21)?
2
Suppose -2*k - 200 = -6*k. What are the prime factors of k?
2, 5
List the prime factors of (4 - (-2 + -83)) + -2.
3, 29
Let z = -13 + 11. Let s(w) = -w + 2 - w**2 + 2 - 2*w**3 - 5. List the prime factors of s(z).
13
Suppose -a - 3*a = -128. What are the prime factors of a?
2
Let l be (-43)/(-9) + 10/45. Suppose -w - 161 = -3*z + w, -l*z + 265 = -4*w. Suppose -4*m = -z + 17. List the prime factors of m.
2, 5
Suppose 0 = -2*o + 5*o - 15. Suppose -o*l = -2*l - 75. Suppose -2*d = 3*m - 21, 4*d + 2*m = -d + l. What are the prime factors of d?
3
Suppose -628 = -2*d - 4*x, -247 - 991 = -4*d - 2*x. List the prime factors of d.
2, 7, 11
Let y(m) = -m - 10. Let p be y(-14). Suppose -j - 4 + 43 = r, -p*j = 2*r - 162. What are the prime factors of j?
2, 3, 7
Suppose 3*y + 16 = -2. List the prime factors of -2 - (-5)/((-5)/y).
2
List the prime factors of (-24)/(-64) + 3261/8.
2, 3, 17
Let p(v) = 2*v + 27. What are the prime factors of p(-11)?
5
List the prime factors of ((-7808)/(-84) - 2/7)*3.
2, 139
Suppose a + 10 = -4*a. Let j(w) = -2*w**2 - 2 - 3*w - w**3 + w + 3*w**2. List the prime factors of j(a).
2, 7
Let g be ((-72)/27)/(2/(-3)). Suppose -10 = -g*v - v. List the prime factors of v.
2
Suppose -4*f 